, a - 2*p = -3. What is b(a)?
-5
Let q = 45 + -41. Let j(d) = 14 - q + d - 7 + 0*d. Give j(5).
8
Let h(j) = 2*j**3 - 2*j**2 - j + 2. Let o(r) = -r**3 - 7*r**2 - 11*r - 3. Let a = 28 + -28. Suppose -3*y = -a*y + 15. Let x be o(y). What is h(x)?
8
Let n(t) = -1746*t**2 + 490*t + t**3 - 508*t - 4 + 1750*t**2. Determine n(-7).
-25
Suppose 286*i + 16 = 289*i + f, i + 3*f = 16. Let x(a) = -10*a - 2. Give x(i).
-42
Let p(o) = -2*o**3 - 2*o**2 + 41*o - 3. Let w be p(4). Let u(j) = 10*j**2 + 25*j - 25. Give u(w).
10
Let o be 4/6*3/2. Let k = 210 + -203. Let j(p) = -3*p + k*p - 9*p. What is j(o)?
-5
Let q(j) be the third derivative of j**6/120 + 3*j**5/20 + 23*j**4/24 + 5*j**3/3 + 1324*j**2. Determine q(-4).
-2
Let j(z) = 6*z + 120. Suppose 0 = 1696*h - 1699*h - 72. Give j(h).
-24
Let n(w) = -w**2 - w - 1. Let k(f) = 5*f**2 + 9*f - 2. Let h(s) = k(s) + 6*n(s). Let y(b) = -30*b + 5826. Let l be y(194). Calculate h(l).
-26
Let b(y) = y**3 - y**2 + 4. Let t(n) = -2*n - 16. Let i(z) = 3*b(z) + t(z). Calculate i(3).
44
Let r be -1 - (-5262)/22 - (-70)/(-385). Let t = 37 + r. Let n(b) = 275 + 2*b - b - t. Calculate n(6).
6
Let o be 1 + (1 - 1) + 25 + -22. Suppose -46 = -2*h - 3*h - 4*g, 0 = 3*h + o*g - 34. Let m(p) = -p**2 - p - 5. Give m(h).
-47
Let s(n) = n**3 + n**2 - 5*n - 2. Let p(i) = 5*i**2 + 27*i - 162. Let d be p(-9). Determine s(d).
-2
Let b(s) = 6*s + 1. Let k = -831 + 833. Let j = 29 - 44. Let d be 13/(-15) + k/j. Give b(d).
-5
Let f(j) = -13*j - 130. Suppose -5*m = 193*d - 198*d + 30, 47 = -2*m - 5*d. Give f(m).
13
Let a(o) be the third derivative of o**6/120 + 17*o**5/60 + 5*o**4/3 - 25*o**3/6 + 14*o**2 - 95. What is a(-14)?
3
Suppose -2*x = -f - 5, 3*x + f - 3 = x. Suppose -163*w + 1268 - 47 = -52*w. Let g be (-38)/(-4) + w/x + -7. Let o(u) = u - 10. What is o(g)?
-2
Suppose -3079 + 856 = 117*d. Let i(b) = b**3 + 19*b**2 + 4*b - 30. Give i(d).
-106
Let k be (196/(-112))/(3 - 13/4). Let y(z) = k*z - 23*z - 10 + 17*z. Give y(14).
4
Suppose 168*s = 166*s - 8. Let t be (s/(-6))/(286/(-33) + 9). Let x(i) = 2 + 1 - 4 + i**2 - i. Give x(t).
1
Let j(f) = 20*f - 102. Let u(i) = 21*i - 104. Let b(q) = -5*j(q) + 4*u(q). Determine b(6).
-2
Let h(p) = -61 - 3*p + 11 + 21 - 9. Calculate h(-12).
-2
Let z = -9 + 9. Let b(o) = -4*o - 18. Let d be b(-6). Let r(c) = z + 6*c + 7 - d*c**2 + 5*c**2 - c. Calculate r(5).
7
Let d(m) = -9*m - 3*m - 116 + 57 + 56 + 10*m. Calculate d(-13).
23
Let s(i) = i - 1. Let b(c) = -5*c + 8. Let n(l) = b(l) + 4*s(l). Let d = 743 + -745. Calculate n(d).
6
Suppose 223 = 15*s + 28. Let y(n) = 186 + 21*n - 191 - s*n - 9*n. Determine y(0).
-5
Let i(j) = -j**3 - 7*j**2 + 17*j - 21. Let b be i(-11). Suppose 280 - b = y. Let a(p) be the second derivative of -p**3/2 - 4*p. Calculate a(y).
-12
Let a(q) = q**2 + 9*q - 11. Let i be (2/(-3))/(115/1725). What is a(i)?
-1
Let o(j) = 5 - 5 - 3*j - j**2. Suppose -155 = -4*k - 131. Suppose -9*q + 4*z + 30 = -14*q, 0 = q - 2*z + k. Give o(q).
-18
Let t(f) = -2*f**2 - 3*f + 3. Let d be 7 - 1 - ((-8)/10 - 840/(-175)). Calculate t(d).
-11
Let x(i) = -14*i**2 + 2*i + 10. Suppose -3*a - 168 + 138 = -3*u, -3*u = -24. Determine x(a).
-50
Suppose 53*a = -5*q + 58*a - 15, 3*q - 4*a = -10. Let t(w) = 67*w + 6. Calculate t(q).
-128
Let q be (8/(-24))/(1/(-93)). Suppose 5*i + 4*h + 75 = 0, 6*h + q = -i + 2*h. Let s(d) = -2*d - 11. Calculate s(i).
11
Let f(l) = l**2 + 10*l + 9. Let j be f(8). Let q(b) = -j + b + b + 158. Let s = -11 + 6. Give q(s).
-5
Let a(y) = -5*y + 1. Suppose 3*h = -4*s + 16, -4*h + h = -s - 26. Suppose -5*l + 4*n - 2 = 4, -2*n = -h. What is a(l)?
-9
Let w(g) = -g**2 - 6*g + 5. Let o(k) = 3 + 2 - 11 + 8*k - k. Let b(a) = -5*o(a) - 6*w(a). Determine b(1).
7
Suppose 16 = -19*n - 22. Let i(v) = -v**3 - v**2 - v - 2. What is i(n)?
4
Suppose 4*b = -c + 7*b - 10, -2*c - 5 = -b. Let d(f) = 3*f**3 + 7*f**2 - 11*f - 7. Let q(t) = -t**3 + t**2. Let o(n) = c*d(n) - 2*q(n). Give o(-10).
-3
Let d(b) = -5*b + 6. Let q(v) = 2*v - 2. Suppose 72*x = 62*x + 10. Let p(c) = x*d(c) + 3*q(c). Give p(-7).
-7
Let w be (-1 + 0)/(-2 + 1). Suppose 2*u - 5 = -w. Let f(p) be the third derivative of p**5/60 + p**4/24 - p**3/3 + p**2 - 264*p. What is f(u)?
4
Let r = -812 - -818. Let m(t) be the third derivative of 1/30*t**5 + 2/3*t**3 + 1/120*t**r + 0*t + 0 - 1/12*t**4 + 8*t**2. Calculate m(-3).
1
Let q(i) = -5*i + 29. Let u(h) = 9*h + 2. Let p(d) = 2*d + 11. Let t be p(-5). Let g be u(t). Let c(s) = -2*s + 10. Let y(z) = g*c(z) - 4*q(z). Calculate y(-6).
6
Suppose 149*i - 150*i = -5*j + 59, 47 = -i + 3*j. Let f(t) = -3*t - 112. What is f(i)?
-25
Let h(i) = 3*i - 62. Let w be h(21). Let c be w - (0 + 1 + -33). Let l(q) = -15 - 18 + q + c. What is l(3)?
3
Let k(s) = 13*s**3 + 11*s**2 + 3*s - 5. Let q(x) = -3*x**3 - 3*x**2 - x + 1. Let f(z) = 2*k(z) + 9*q(z). Let a be (91/26 + -3)/((-1)/8). Give f(a).
-5
Let v(f) = f**2 - 12*f + 12. Let j = 7454 - 7444. What is v(j)?
-8
Let o(v) be the second derivative of 5*v**2 + 1/12*v**4 - v + 1/20*v**5 + 53 - 1/6*v**3. Determine o(0).
10
Let k(o) = -o + o**2 + o**2 + 2 - 6*o**2. Let g(h) = 17*h**2 + 5*h - 9. Suppose 3*l = 4*n - 43, 3*l + 33 + 14 = 5*n. Let v(t) = l*k(t) - 2*g(t). What is v(-2)?
10
Let u(n) be the second derivative of 0 - 2/3*n**3 - 21*n - 1/2*n**2. Determine u(-3).
11
Let p(d) = 2*d - 3. Suppose 21*q - 10 = 16*q. Suppose -5*l - 18 = -q*l. Calculate p(l).
-15
Let g(j) = j + 17. Let t = -172 - -177. Suppose 5*f + 48 + t = 4*x, 4*f + 34 = -x. Give g(f).
8
Let p(h) be the first derivative of -h**3/3 - 19*h**2/2 - 42*h + 33. Let a be p(-16). Let o(r) = -r**3 + 5*r**2 + 6*r - 8. Calculate o(a).
-8
Let c be 42 - 12/20*5. Suppose -20 = 35*q - c*q. Let m(l) = l**2 - 5*l + 1. Calculate m(q).
1
Let g(q) = -27*q + 109*q**2 - 2 - 110*q**2 - 10 + 4 + 6*q. Give g(-14).
90
Let h(d) = -6*d + 0*d + 2234 + 4*d**2 - 1118 + 3*d**2 - 1125. Calculate h(-2).
31
Let m be 15/(-6) - -2 - (-33)/(-6). Let r be m*3*(-2)/12. Let l(g) = 88*g**3 - 3*g + g + 0 - 1 - 104*g**r - 2*g**2. Calculate l(-1).
15
Let i = 5270 + -5269. Let g(v) = 19*v**2 + 3*v - 2. Determine g(i).
20
Let o(x) = -9*x**3 - 909*x**2 - x - 106. Let m be o(-101). Let i(l) = -l**3 - 3*l**2 + 18. What is i(m)?
68
Let s(p) = 4*p - 1. Let j = -90 - -96. Let i(n) = 9*n - 2. Let b(c) = j*i(c) - 14*s(c). Suppose -10*d = -7*d + 9. Calculate b(d).
8
Suppose 2 + 3 = 5*g. Let h be 16/(2 - -2) + g. Let x(j) = -h*j + 31*j - 4 - 11*j - 11*j. Determine x(5).
16
Let f(u) be the third derivative of -u**5/60 + 19*u**4/24 + 3*u**3 - 75*u**2 - 2*u. Calculate f(21).
-24
Let p(b) = -6*b**2 - 9*b + 1. Let q(c) = c**2 + 2*c. Suppose -n = x - 21 + 20, -n = -4*x + 14. Let k(t) = x*q(t) + p(t). Calculate k(2).
-17
Let z(f) = 15*f - 10. Let t be (616/(-63) + 10)/(-2) + 138/27. What is z(t)?
65
Let g(k) be the third derivative of k**6/120 + k**5/60 - k**3 + 597*k**2. Suppose -2*u - 3*u = 0. Determine g(u).
-6
Let j be (20 - 16) + (-1 - 1). Suppose j*r = b, -b + 5*r - 1 = b. Let p = b - -5. Let u(z) = z**2 - 7*z. Calculate u(p).
0
Let s(j) = 2*j**2 - 2. Let p be (1 - 1)*(-35)/(-70). Let f(h) = h**3 + h + 3. Let u be f(p). Determine s(u).
16
Let t(j) = -j**3 - 6*j**2 + 13*j + 3. Suppose 0 = 34*l - 29*l - 30, 66 = -3*m + 7*l. Give t(m).
27
Let w(v) = 13*v - 3. Let i be 4/(5/5) - 3*3. Let k(o) = -42*o + 10. Let r(p) = i*k(p) - 16*w(p). What is r(-1)?
-4
Let s(d) = d**2 + d + 2. Let b(q) = q**3 + 4*q**2 + 11*q + 27. Let x be b(-3). Let u be x + (-1 - (-3 - -8)). Give s(u).
8
Suppose -427 = 131*x - 34. Let o(u) = u**3 + 2*u**2 - 7*u - 9. Calculate o(x).
3
Suppose 2*i - 3 = 4*r + 11, 5*r + 5 = 5*i. Let c(h) = 16*h + 9. Determine c(r).
-87
Let n(y) = -18*y**2 - 27*y - 3. Let j(d) = 49*d**2 + 75*d + 7. Let m(g) = 3*j(g) + 8*n(g). What is m(-4)?
9
Let h(l) = -6*l**2 + 3*l - 170. Let j(c) = -5*c**2 + 4*c - 146. Let b(a) = -6*h(a) + 7*j(a). Give b(-11).
9
Let c(g) = -g**3 + 9*g**2 + 9*g + 13. Let o be (0/(-1) - -56)*-1. Let i be ((-144)/o)/6 + (-134)/(-14). Suppose i*v - 30 = 7*v. What is c(v)?
3
Let n(k) = 26*k**3 - 5*k**2 + 3*k + 48. Let b(v) = -6*v**3 + v**2 - v - 11. Let g(l) = -9*b(l) - 2*n(l). What is g(3)?
75
Let h(g) = -g**3 - 4*g**2 + 6*g - 5. Let i(z) = z**3 + 8*z**2 - 11*z - 23. Let o be 15*(-10)/15 - (0 + -1). Let s be i(o). Determine h(s).
-10
Let d(x) = -52